21 - (13 - (3 + 4))?
-12
Evaluate -8 + -5 + (4 - 3).
-12
(-1 + -1 + -38 - -1) + -2078 + 2089
-28
What is 7 - (-24 - (4 - 12)) - 12?
11
Evaluate -3 - (-9 + -8 + 10).
4
What is 9 + (46 - 60 - (1 - 19))?
13
What is (-7 - -13) + (2 + -8 - 17) + -1?
-18
What is (-19 - (0 + 0)) + (243 - 236)?
-12
Calculate 69 + -21 - 14 - 22.
12
What is 49 + -10 + -9 + -15?
15
Evaluate -22 - ((-22 - -10) + 5).
-15
Evaluate (-27 - -8 - -4) + (0 - -7).
-8
What is (-7 + 15 + -6 - 8) + -5?
-11
Calculate 0 - -6 - ((-3 - 18) + 22 + -2).
7
What is the value of 16 + (-4 - 42) - -39?
9
What is the value of -15 + (-14 - -6) + 5 + 9?
-9
What is the value of -2 - -6 - -6 - (15 - 7)?
2
What is the value of -30 - (7 + 1 + 8) - -14?
-32
Calculate (-11 - (16 - 26)) + -14.
-15
What is the value of -33 + 2 + (17 - ((-17 - -25) + 0))?
-22
What is 94 - (98 - 7) - (20 - -1 - 0)?
-18
What is (14 + 0 - (-6 + 7)) + (-230 - -230)?
13
What is -4 + 31 + -33 + (7 - 2 - -3)?
2
Evaluate -1 - ((-23 - -9) + -7 + -5).
25
Evaluate (-19 + 3 + 10 + 6 - 28) + 11.
-17
What is the value of -1 + (-19 - -11 - -25)?
16
What is -8 - ((2 - ((-1 - -5) + -7)) + 1)?
-14
-3 + 5 + -7 + 3 + 6
4
What is the value of -2 + 12 - (-6 + 7 + 6)?
3
What is the value of 2 - (-31 + 12 + -3)?
24
Calculate (-1 - -7) + 0 + -1 + (14 - 13).
6
Evaluate (3 - 1) + 9 + -4 - (-2 + 7).
2
What is the value of -8 - (-20 - (10 - 19)) - (-7 - 1)?
11
What is (2 - -1) + 57 + 23 + -66?
17
What is the value of (-12 - (1 - (0 + 8))) + 26 + 3?
24
What is 0 + 11 - ((27 - -22) + -25)?
-13
Calculate 7 - 4 - (-2 - (4 + -7)).
2
What is the value of -124 + 111 + 33 + 2?
22
Calculate 2 + -18 + 0 + 9.
-7
What is (4 - 12) + (7 - (9 - 4)) + -2?
-8
What is the value of -16 + -3 + -2 - -21?
0
Evaluate -10 + 1 - (17 - (11 + 16)).
1
-6 + (4 - 2) - (-3 - 8)
7
Calculate -10 - (9 - 5 - 14) - -7.
7
Evaluate 5 + -4 + -5 - (-3 - 11 - -18).
-8
What is the value of 5 - (63 - 24 - 35)?
1
Calculate -3 + (-11 - -2 - -1 - -7) + 11.
7
What is 130 + -125 + (25 - ((3 - -1) + 0))?
26
3 + (-29 - ((-9 - -1) + (23 - 19)))
-22
13 - (3 - -18) - -16 - -7
15
What is (-20 - -46 - 36) + 11?
1
Evaluate -3 + (-5 - 1) + 17 + -8.
0
Calculate (-11 - (-3 + 3)) + (9 - (43 + -29)).
-16
What is the value of (5 - 4) + (5 - (-6 + 5))?
7
What is the value of 27 - (-1 - -37 - 6)?
-3
What is 28 + 28 + -73 + 8?
-9
What is 30 - 28 - (0 - 4)?
6
Calculate (-15 - -14) + (-1 - (-1 + -14 + 4)).
9
What is (-6 + -14 - (18 + -11 - 12)) + 2?
-13
Calculate (-3 - -3 - -5) + -11 + 0 + -9.
-15
Calculate (3 - -20) + -1 + -16.
6
Calculate 17 + -29 + -10 - (-10 - -5).
-17
What is the value of -49 - 37 - -97 - (-2 + 4 - 20)?
29
What is the value of (-13 - (-18 - (-5 + -8))) + -9?
-17
Calculate (-1 - -1) + (45 - 40 - -7).
12
What is the value of 81 + -120 - (-2 - 22)?
-15
What is the value of -11 + 4 + -16 + 29?
6
What is 5 + -9 + -2 - (-1 - -9)?
-14
Evaluate 0 + 0 + (11 - (5 + -6 + 5)).
7
What is the value of (1 + 4 - 9) + 10 - (-7 - 0)?
13
What is 7 + (-24 - -30 - (9 - -3))?
1
What is the value of 4 + -7 + (18 - 12) + (10 - 7)?
6
Calculate -17 + 40 + -16 + (10 - (2 + 1)).
14
16 - (9 + (10 - ((28 - 9) + 0)))
16
What is the value of 0 + 9 - (-1489 + 1492)?
6
(-24 - (6 - 27)) + (1 + 0 - 1)
-3
Evaluate -16 + (17 + -25 - (3 + -3)).
-24
Calculate 10 - (5 + -6 - (3 - 3)).
11
What is the value of -8 - (-5 - (5 - (1 + -2)))?
3
Evaluate (33 - 19 - 5) + -14 + 3.
-2
What is the value of -8 + 20 + -41 - -2?
-27
Calculate 9 - (6 + 2) - 10 - 10.
-19
What is 10 + 1 + -26 + 24?
9
Calculate 19 + -18 - (-14 + 0 + 2) - 1.
12
Calculate (-29 - -56) + 4 + -51.
-20
0 - (-16 + 7 + -11)
20
What is the value of 13 - (1 - (7 + -17)) - (-6 + 4)?
4
6 + -18 + 3 + (-8 - -21)
4
Calculate (-32 - -19) + 7 + -13.
-19
What is the value of -6 + 20 + -8 + 4 + 4?
14
10 + (-14 - (6 + 16 - 13))
-13
What is -62 + 78 - (10 + -8)?
14
Evaluate (1 - 1) + -12 + (7 - -2) + 10.
7
What is -10 + 7 + 25 + (-6 - 9)?
7
What is 28 + -18 + -1 - (12 + 2) - -21?
16
(35 - 1) + 14 + (7 - 43) + 16
28
Evaluate 50 - (45 + -24) - 20.
9
What is -45 + (115 - 78) - (-1 - (-1 - 9))?
-17
What is the value of -31 - (-26 + 47 - 41)?
-11
190 - 215 - (-4 + (-4 - -10))
-27
Evaluate 35 - (-17 - -38) - 33.
-19
What is the value of 29 + (-7 - -7 - 13)?
16
What is (0 - 7) + (454 - 470)?
-23
Evaluate (5 - -1) + -4 + (43 - 46).
-1
-22 + 5 + -128 + 148
3
Evaluate 11 + (-4 + -4 + 12 - 9).
6
Evaluate -45 + 11 + 31 + -35.
-38
(6 - 7) + (8 + -12 - 2 - -12)
5
Evaluate 31 + -12 - (-6 + 20 - 7).
12
-19 - -15 - (-6 - 3)
5
Evaluate -7 - (-7 - (-10 + 3 - -18 - 6)).
5
(-2 + -8 + 27 - (1 - -5)) + 1
12
What is -13 + (-2 - -15) + -5?
-5
What is -16 + -4 + -2 + 7?
-15
Evaluate 9 - (9 - (-1 - (-4 - 1))).
4
What is -37 - (-5 - 11) - 7?
-28
Evaluate -8 + (0 - -1 - (-28 + 19)).
2
-12 + 12 + -3 + 2 + 22 + -28
-7
Evaluate 1 + (10 + 1 - 4) - (-8 - -13).
3
-13 + (-23 - -31) + 24
19
-3 + (-1 - (6 - 11)) - (3 - 8)
6
Evaluate 7 - (3 + (-4 - -5) - 6 - 7).
16
What is (9 - 11 - 23) + 12 - -23?
10
What is -22 + (5 - 1) + 11 + 4 + -11?
-14
What is -9 - (2 + -4) - (32 + -22)?
-17
0 - (-11 + -1 + -3)
15
Evaluate (-25 - (-1 + 1)) + 10388 + -10389.
-26
Calculate -61 + (-6 - (-60 + 29)).
-36
What is the value of (11 - (-14 + (26 - -15))) + -6?
-22
0 + 5 - (0 + 3 - (-29 - -23))
-4
3 - (2 + -11) - (344 - 331)
-1
Evaluate 3 - (11 + 0 - (-6 + -6)).
-20
What is the value of -39 + 61 + -14 + 27?
35
-41 + 106 + -57 + 1 + 1
10
Evaluate 0 + (18 - 25) + 7.
0
Evaluate 10 + 1 + 5 + -13 + 1 + 8.
12
-5 - (-12 - -16) - (-25 - 1)
17
What is -1 + -9 - -44 - 22?
12
(72 - 43) + -41 + (10 - (-2 - -3))
-3
What is -17 + (13 - 1) - (-1 + -1)?
-3
Evaluate 1 - -1 - (50 + -79 - 5).
36
Calculate -28 + 2 + 7 + (-10 - (7 - 15)).
-21
Evaluate (-32 - (-18 + -51)) + -21.
16
What is (7 - 8) + 4 + 9 + -11 + -13?
-12
What is the value of -96 - -97 - (-4 + 0)?
5
Calculate (3 - (15 + 2) - 26) + 14.
-26
What is 11 - (1 + 7 + -1) - (2 - -11)?
-9
-2 + 1 + -3 - -3 - (3 - 1)
-3
Calculate 6 + (17 - 19) + -4.
0
Calculate (2 - -5) + -6 + -1.
0
What is the value of 5 + -2 + (4 - 37) + 13 - -3?
-14
Calculate 54 - (35 - 0) - (-1 + (3 - -8)).
9
-2 + -8 + 17 + -13 + -8
-14
Evaluate 4 + ((-1 - -12) + -12 - 12) - 7.
-16
Evaluate -1 - (24 + -13) - -23.
11
What is -16 + (-14 + 0 - -12 - -13)?
-5
What is the value of -5 + 21 + (-5 - 21)?
-10
Calculate 21 + (-36 + 22 - -20).
27
What is -1 + -1 + -26 + (6 - -12)?
-10
What is -1 + (8 + 2 - ((-7 - -2) + 2))?
12
What is the value of 20 + (4 - 7 - 0) + -5 + 4?
16
What is the value of -2 + -6 - ((51 - 46) + -20)?
7
What is the value of -48 + (-13 + 62 - 34)?
-33
Evaluate 8 + (-11 - -16) + 5 + -34.
-16
What is the value of 4 - (68 - 24) - -70?
30
Evaluate (25 - (-8 + 13 - -8)) + 11.
23
What is the value of 5 - (-8 - -14 - 6) - 7?
-2
What is the value of -1 + -2 + 42 + -43 + -36?
-40
Evaluate -8 - -4 - (1 + (4 - 4) + -17).
12
What is the value of (-5 - -14) + 0 + -8 - 6?
-5
Calculate ((5 - 10) + 23 - 2) + 8 + -14.
10
What is -44 + 11 - (-14 - -1)?
-20
What is the value of (4 - -2) + 5 + -24 + 15?
2
What is the value of (-1 - -1) + (20 - (36 - 9 - 0))?
-7
-8 + -5 + 36 + -20
3
-5 + (-40 - (2 - 24))
-23
(1 - 42) + -1249 + 1269
-21
What is 7 + -3 - 1 - -5 - 0?
8
Evaluate -15 + 11 - (3 + -5 + -11).
9
What is -6 - (-10 + -10 + 17)?
-3
Calculate -20 - (-17 + -26 + 36).
-13
What is -7 + 8 + -5 + 10 + -3?
3
What is -13 + -1 - (36 + -46 - -5)?
-9
What is the value of -12 + 9 - (-23 - -18)?
2
What is the value of -33 - (-1 + -1 - -5) - (-667 + 658)?
-27
-49 + 32 - (-23 + 0)
6
Calculate -7 - (65 - 72 - (-1 + -28)).
-29
13 - (39 + -14) - (-13 - 1)
2
What is -36 + 3 + 4 - (-6 - -6 - 9)?
-20
What is the value of -1 + 1 + 2 + -2 + (22 - 31)?
-9
What is -3 + 5 + (1 - 4)?
-1
What is the value of 62 + (14 - 40) + -10?
26
What is -2 + -28 + 11 - -27?
8
Evaluate 9 + (-20 + 19 - 9) - -12.
11
Evaluate -2 + 5 + -4 + (-6 - (4 - 4)).
-7
(31 - (-38 - -6)) + -39
24
Evaluate 22 - (2 + 7 + (-6 - -20 - 12)).
11
What is 18 - (11 - -15) - 2?
-10
-1 - ((28 - 8) + (-2 - 2 - 6))
-11
What is the value of 5 + 49 - (-128 - -151)?
31
-1 - ((6 - 4) + -3)
0
Calculate 1 + 8 + -4 + -1.
4
3 - (4 + 0 - -1 - -4) - -30
24
What is (-19 - (-6 + -5 + 7)) + (-2 - -7)?
-10
Calculate (6 - (-19 + 27)) + -7.
-9
12 + (2 + 0 - (-21 - -14)) - 8
13
What is the value of -13 - (-1 + 0) - (1280 - 128